c) = -c**3 + c**2 - c - 1. Let q(j) = 4*k(j) - l(j). What is q(5)?
-4
Let o be ((-1 + 1)/(-2))/1. Let f(v) be the third derivative of o - 1/6*v**3 + 0*v + 0*v**4 - 1/15*v**5 - 2*v**2. Give f(-1).
-5
Let i(b) = -b**3 + b**2 - b + 6. Let u(l) = -l**3 + 5*l**2 + 7*l - 2. Suppose -c + 5 = -1. Let y be u(c). Suppose -2*z = -y*z. Calculate i(z).
6
Let r(l) = -7*l**2 + 3*l + 1. Let m(u) = -u**2 + u + 1. Let j(t) = 2*m(t) - r(t). Give j(1).
5
Let s(n) be the second derivative of -n**4/12 + 5*n**3/6 + 7*n**2/2 + n - 8. What is s(6)?
1
Let t(c) = -2*c**3 + 15*c**2 + 10*c - 16. Let l be -1 - ((3 - -1) + 3). Let m(d) = -3*d**3 + 23*d**2 + 15*d - 24. Let x(r) = l*t(r) + 5*m(r). Determine x(6).
14
Let p(d) = -d**2 + 3*d + 3. Let s = 9 + -6. What is p(s)?
3
Suppose -3*m + 0*m + 7 = 2*p, 1 = p - m. Let d(b) be the second derivative of 2/3*b**3 - 1/12*b**4 + 0 - 2*b - 3/2*b**2. What is d(p)?
1
Suppose 51 + 1 = 4*y. Suppose 2 = 3*b - y. Let n(w) = -2*w + 1 - w**2 - b*w + 6*w. What is n(-3)?
-5
Let v(o) = -o - 2. Suppose 0 = -t + 3*x, x = 5*t - t + 22. Let u be -1 + t/(-2) + -3. Determine v(u).
-1
Let a(t) be the first derivative of -8*t**3/3 + t**2/2 + 1. Let x be -1 - (12/(-3) + 1). Suppose 0*w = -x*w + 2. Determine a(w).
-7
Let w = 28 + -7. Suppose 2*g + 4*q = -14, 7*g - 2*g + w = 4*q. Let p(u) = 2*u + 14. Let i(b) = 4*b + 26. Let z(t) = 6*i(t) - 11*p(t). What is z(g)?
-8
Let t(h) = -10*h + 1. Let r(m) = -m - 3. Let q be r(-2). What is t(q)?
11
Let h(l) = -l**2 - 9*l - 7. Let p(f) = -2*f**2 + 2. Let d be p(2). What is h(d)?
11
Suppose 2*l = 3*l + 1. Let k(b) = 9*b**3 - 4*b**2 - 5*b + 4. Let s(p) = -17*p**3 + 7*p**2 + 9*p - 7. Let w(h) = 7*k(h) + 4*s(h). Determine w(l).
4
Let z(x) = x. Let k be z(-1). Let j be k/(3/(-6)*1). Let g(i) = -i**2 + i**3 + i + 6*i**2 - 4*i**2 + 0*i**j. Calculate g(-1).
-1
Let j(v) = 2*v. Let i = -5 + 7. Suppose -2*o = -o - i. Suppose -3*y - 3*n - 8 = -7*y, 2*y - n - o = 0. What is j(y)?
-2
Let h(v) = 9*v + 5. Suppose -2*j - 1 = -y, 6*y - 2*j = y + 29. Let c(o) = 4*o + 3. Let w(l) = y*c(l) - 3*h(l). Give w(-6).
0
Let q(g) = -g**2 - 2. Let m = -5 + 4. Let d = 3 + m. Calculate q(d).
-6
Let u(a) be the third derivative of -a**4/24 + a**3/2 + 12*a**2 + 1. Calculate u(-4).
7
Suppose -u = -4 + 3. Suppose 3*l - 11 - u = 0. Let f(x) = 0*x**2 + 5*x**2 - 3*x**2 - 3*x**2 + l*x. Calculate f(2).
4
Let m(t) be the third derivative of 2*t**2 + 1/2*t**3 + 1/60*t**5 + 0 + 0*t + 1/12*t**4. Let u(f) be the first derivative of m(f). Give u(-5).
-8
Let j(w) = w - 2. Let g be (2/(-4))/(7/(-42)). Let q be j(g). Let u(i) = 12*i + 3 - 3. Calculate u(q).
12
Let t(u) be the third derivative of 0 + 1/60*u**5 - 2/3*u**3 + 0*u - 5/24*u**4 + 6*u**2. Determine t(6).
2
Let n(s) be the third derivative of s**8/20160 - s**7/840 + s**6/360 - s**5/60 + 6*s**2. Let l(r) be the third derivative of n(r). What is l(4)?
-6
Suppose -c - 6 = c. Let b(r) = 2*r**3 - 9*r**2 - 5*r - 7. Let g(f) = 18 + 0 + 24*f**2 - 7*f**2 - 4 + 9*f - 3*f**3. Let w(u) = c*g(u) - 5*b(u). What is w(-6)?
5
Suppose 0*d + 2*d - 18 = 0. Let i be d/3 - (-1 - -2). Let z(s) = s - 2*s**i - s**2 + s**2. What is z(2)?
-6
Let v(k) be the first derivative of k**3/6 + 2*k**2 - 3*k - 6. Let t(n) be the first derivative of v(n). Let j = -1 + 1. Determine t(j).
4
Let y = -2 - -3. Let g(x) = -4*x**3 + x**2. What is g(y)?
-3
Let t(p) be the second derivative of -1/2*p**2 + 0 - 1/2*p**3 + p. Let g(z) = z - 1. Let f(c) = 4*g(c) + t(c). What is f(-4)?
-9
Let u = -6 - -7. Let x(d) = -7*d - 1. Determine x(u).
-8
Let l(z) be the first derivative of 3*z + 1/4*z**4 - 2 - z**2 + 2/3*z**3. Give l(-3).
0
Suppose -4*g = 3*m, -3*m - 1 - 14 = -g. Let i(y) be the second derivative of g*y + 0*y**2 + 0 - 1/4*y**4 - 1/2*y**3. Give i(-2).
-6
Let w(s) = s. Let q(t) = -t**2 - 8*t - 2. Suppose 2*i - 22 = 2*x - 2*i, 0 = -x + 5*i - 26. Let d(f) = x*q(f) - 3*w(f). What is d(-5)?
2
Let s(x) = x - 1. Let m(i) = i**2 - 13*i + 15. Let j(o) = -m(o) - 6*s(o). Determine j(6).
-3
Let m(n) be the third derivative of -1/6*n**3 + 1/60*n**5 + n**2 + 0 + 0*n + 1/24*n**4. Let c = -1 + 3. Determine m(c).
5
Let j(z) = 4*z**2 + 1. Let c be j(1). Let a(o) be the second derivative of 0 + 1/3*o**4 - 3*o**2 + 5/6*o**3 - 2*o - 1/20*o**5. Determine a(c).
-6
Let s(c) = -79*c + 38*c + 40*c - 1. Determine s(-5).
4
Let j(i) = -i**2 - 2*i. Suppose 3*z + 5 = 2*z. Let t = -6 - z. Give j(t).
1
Let m(h) be the third derivative of h**4/12 + h**3/6 - h**2. Suppose 5*w = 15 - 0. Suppose 5*y - w*y = 6. Give m(y).
7
Let x(l) = -1 - 2 + 4 + l. Let t(i) = 2*i**2 - 2*i - 1. Let k be t(-2). Suppose -4*g + 3*o = k + 1, -5*g + 4*o = 15. Determine x(g).
-2
Let i(d) be the first derivative of -d**4/24 - d**3/3 - d**2/2 + 3. Let n(f) be the second derivative of i(f). What is n(-5)?
3
Let t(d) = d**3 + 2*d**2 - 3*d + 1. Suppose 0 = 5*u + 2*s, 3*s + 31 = 3*u - 2*s. Give t(u).
11
Let i(j) be the third derivative of j**4/8 + j**3/2 - 4*j**2. Determine i(-3).
-6
Let b(f) be the second derivative of f**3/3 + 3*f**2 + 2*f. Determine b(-5).
-4
Suppose -5*n - 10 = -0*n. Let h be ((-5)/2)/(n/4). Let r(v) = v**3 - 4*v**2 - 6*v + 3. Calculate r(h).
-2
Suppose 0 = t - 14 + 8. Let f(r) = -3*r + 15. Let h be f(t). Let n(d) = d + 3. Give n(h).
0
Let f be 32/(-6)*(-3)/2. Let d be 4/10 + f/5. Suppose -8 = -d*a - 0*a. Let k(r) = 3*r - 4. What is k(a)?
8
Let x = 1 + 4. Let k(f) = 5*f**2 - 6*f + 1. Let y(w) = 9*w**2 - 12*w + 3. Let a(j) = 7*k(j) - 4*y(j). Give a(x).
0
Let j(q) be the second derivative of -q**8/6720 + q**7/840 - q**6/720 + q**5/120 - q**4/3 - q. Let w(y) be the third derivative of j(y). What is w(3)?
-2
Let p(i) = -4*i**3 + 218*i + 5*i**3 - 221*i + 1. Determine p(2).
3
Let c(w) = 3*w**2 - 9*w + 1. Let t(x) = x**2 - x - 1. Let j(z) = -c(z) + 2*t(z). Let v be 14 - 16/4 - 4. Calculate j(v).
3
Suppose -5*n = -5 - 0, 5*n - 5 = 3*q. Suppose 3*v + 20 - 2 = q. Let u(j) = 2*j + 9. What is u(v)?
-3
Let g(f) = 2 + 3 + 2*f + 1. Suppose -1 = 4*t - 5. Let c = -6 + t. Calculate g(c).
-4
Suppose 0 = -4*h - 0*h + 36. Let f(q) = -13*q + 15. Let t(d) = 6*d - 7. Let v(k) = h*t(k) + 4*f(k). Calculate v(4).
5
Suppose -3*q - 40 = 5*v, -8*q - 4*v = -3*q + 45. Let o(d) = -d**3 - 5*d**2 - 2*d + 1. Calculate o(q).
11
Let f(c) be the third derivative of -c**6/120 + 2*c**5/15 + 5*c**4/12 - 11*c**3/6 + 34*c**2. Calculate f(9).
-2
Let n(f) = -f**2 - 7*f - 6. Let a be (-7 - 0) + 7 + -7. Give n(a).
-6
Let n = 7 - 5. Let j(i) = -3*i**3 + 2*i**2 + 2*i. Determine j(n).
-12
Let j be 130/60 - 1/6. Let b(o) = -3*o**3 + 3*o - 3. Calculate b(j).
-21
Suppose 2 = g - 3. Suppose g*h - 18 = -3. Let j(r) = -h*r + 0*r + 8*r**3 - 1 + 4*r. Determine j(1).
8
Let r(z) be the third derivative of -z**4/12 + 3*z**2. Give r(-6).
12
Let g(n) be the third derivative of -n**4/24 - n**3/2 + 2*n**2 + 10. Give g(-5).
2
Suppose -b + 11 = 5*i, -2*i - 2*i = -4*b + 20. Let g be 20/b - 2/(-3). Let x(s) = s**3 - 4*s**2. What is x(g)?
0
Let n be (-1)/(-1) + (12 - 8). Let a(s) be the second derivative of 0 - 1/3*s**4 + 1/20*s**n + 4*s + s**2 - 1/3*s**3. Determine a(4).
-6
Let r(h) = h**3 + 5*h**2 + 2*h + 3. Let m = 84 - 89. Determine r(m).
-7
Let n = 8 - 9. Let s(k) be the second derivative of k**3 - k**2/2 + k. Calculate s(n).
-7
Let h(w) = -w + 3 - 1 - 1. Suppose -2*p + 9 = -1. Determine h(p).
-4
Let m(u) = 3*u**2 - u. Let c = 66 + -45. Suppose v + c = -x - 4*v, -4*v - 20 = 4*x. Give m(x).
4
Let x(h) = h**3 + 4*h**2 + h - 1. Let n be x(-4). Let b(l) = -l**2 + 3*l - l - 6*l - 2 - 2*l. Calculate b(n).
3
Let s(o) = -o**3 + 5*o**2 + 5*o. Let b(k) be the third derivative of -k**6/120 - 7*k**5/30 + 5*k**4/8 + k**3 + 3*k**2. Let x be b(-15). Give s(x).
-6
Suppose -23 - 1 = -4*g. Suppose g*x = 8*x - 8. Let p(y) be the first derivative of -y**3/3 + y**2/2 + y - 2. Calculate p(x).
-11
Let j(w) = 7*w + 9. Let k(t) = -11*t - 14. Let v(x) = 8*j(x) + 5*k(x). Suppose -3*g - 8 = -2. Let c be 5 - 2 - g - 1. Give v(c).
6
Let j = 37 + -12. Suppose -3*p = -c + 5*c + 21, 0 = -5*c - 5*p - j. Let g(t) = 2*t - 2 + 8 + 0. Determine g(c).
-6
Let l(i) = -2*i + 4. Let n = -1 + 5. Give l(n).
-4
Let c(y) = -6*y + 0 + 0 - y**2 + 0*y**2 - 2. Calculate c(-6).
-2
Let i(q) = -2*q - 9*q - 1 + 2 - q**2 - 3. Give i(-8).
22
Suppose -12*l + 15*l = -3. Let p(q) = 2*q + 1. Give p(l).
-1
Let c(i)